he highest common factor of 741307 and 581.
7
What is the greatest common divisor of 1404430 and 9410?
10
Calculate the highest common divisor of 22420 and 90220.
20
What is the highest common factor of 16148 and 41932?
44
What is the greatest common factor of 11 and 43559736?
11
What is the highest common factor of 46 and 1405967?
23
Calculate the greatest common factor of 1958611 and 2070.
23
What is the greatest common divisor of 5865 and 6419880?
255
Calculate the highest common divisor of 5155 and 51600519.
1031
Calculate the greatest common factor of 511497 and 25599.
483
Calculate the greatest common divisor of 193128992 and 112.
112
What is the greatest common factor of 6023304 and 2109?
2109
What is the greatest common divisor of 57882285 and 9?
9
Calculate the greatest common factor of 85356 and 59652.
36
Calculate the highest common factor of 152 and 60754432.
8
What is the greatest common divisor of 122769873 and 6777?
2259
What is the highest common divisor of 20 and 54597596?
4
Calculate the greatest common divisor of 11679 and 15805809.
687
Calculate the highest common divisor of 1047784672 and 352.
352
What is the highest common divisor of 1748 and 597635519?
437
Calculate the greatest common divisor of 564538 and 34294.
26
Calculate the greatest common divisor of 24360 and 54913320.
840
What is the greatest common divisor of 183148829 and 2?
1
What is the highest common divisor of 7768915 and 4748?
1187
Calculate the highest common divisor of 1664736 and 7680.
96
What is the greatest common factor of 202459892 and 184?
92
Calculate the highest common factor of 3200676 and 1812.
12
Calculate the highest common divisor of 24244081 and 1544.
193
What is the highest common divisor of 227445 and 144255?
885
Calculate the highest common factor of 16426933 and 1327.
1327
What is the highest common factor of 2212 and 9230834?
158
Calculate the greatest common divisor of 584 and 4575859.
73
What is the highest common divisor of 123 and 7143963?
123
Calculate the greatest common factor of 1068 and 29963832.
12
Calculate the greatest common divisor of 2217184 and 1158.
386
What is the greatest common factor of 97536 and 11332?
4
What is the highest common divisor of 4403 and 4623779?
629
Calculate the greatest common factor of 2099591 and 351.
13
What is the greatest common factor of 3526245 and 49680?
1035
What is the greatest common divisor of 51 and 499877639?
17
What is the highest common factor of 111 and 731009?
37
Calculate the greatest common divisor of 1813 and 3488471.
259
What is the greatest common factor of 141 and 1449603?
3
Calculate the highest common divisor of 1448007 and 22.
11
Calculate the highest common factor of 273 and 170677065.
39
What is the highest common divisor of 822 and 1695199366?
274
What is the highest common factor of 3580150 and 104606?
386
Calculate the highest common divisor of 9911 and 168700537.
901
What is the greatest common factor of 310 and 17975257?
31
Calculate the highest common factor of 53541009 and 1818.
909
What is the highest common factor of 11601342 and 36?
18
Calculate the greatest common divisor of 9711 and 10809630.
117
Calculate the highest common divisor of 891818 and 6596.
194
Calculate the greatest common divisor of 3905 and 956285.
55
What is the highest common factor of 5516 and 24120089?
1379
Calculate the highest common factor of 483 and 101664071.
23
What is the highest common factor of 2695 and 101849?
11
What is the greatest common divisor of 160848 and 6732?
36
Calculate the greatest common divisor of 7982350 and 13600.
850
Calculate the greatest common divisor of 312 and 325650936.
312
What is the highest common divisor of 2948553 and 126315?
3609
What is the highest common divisor of 9 and 81499536?
9
Calculate the highest common divisor of 20923 and 1097943.
343
Calculate the highest common factor of 408 and 103880421.
51
Calculate the highest common factor of 5170210 and 80.
10
Calculate the greatest common divisor of 36 and 47882934.
18
Calculate the highest common factor of 23623011 and 984.
123
What is the highest common factor of 3 and 1220437?
1
Calculate the greatest common factor of 171 and 565318191.
57
Calculate the highest common divisor of 4808 and 885273.
601
Calculate the highest common factor of 65763095 and 115.
115
Calculate the highest common divisor of 49898315 and 85.
85
What is the greatest common factor of 28 and 53272988?
4
What is the greatest common factor of 106880 and 2369280?
640
Calculate the greatest common factor of 2368594 and 50365.
1439
Calculate the greatest common factor of 5772 and 1290354.
78
What is the greatest common divisor of 54901 and 1326955?
217
Calculate the greatest common factor of 26177028 and 36.
12
What is the highest common factor of 817 and 2631709?
19
Calculate the highest common factor of 2603 and 180842.
19
What is the highest common factor of 29271424 and 126?
14
Calculate the highest common divisor of 24912 and 25353.
9
Calculate the highest common factor of 1064503 and 9889.
319
Calculate the highest common divisor of 344 and 134794250.
86
Calculate the greatest common factor of 2500066 and 472.
118
Calculate the highest common divisor of 304 and 7603458.
38
What is the greatest common divisor of 123907 and 4431?
7
Calculate the greatest common factor of 137249112 and 4524.
4524
Calculate the highest common divisor of 32966 and 2332.
106
What is the greatest common factor of 733760 and 25?
5
Calculate the greatest common divisor of 5841 and 62251431.
1947
Calculate the highest common divisor of 98004596 and 164.
164
What is the greatest common divisor of 49363460 and 355?
355
What is the highest common divisor of 776 and 49468642?
194
Calculate the greatest common divisor of 237062060 and 1436.
1436
What is the highest common factor of 37721443 and 411?
137
What is the highest common factor of 10560 and 344438160?
2640
What is the highest common divisor of 2885997660 and 11570?
11570
Calculate the highest common divisor of 2 and 599230046.
2
Calculate the highest common factor of 144 and 66178032.
48
Calculate the greatest common divisor of 265 and 15378215.
265
Calculate the greatest common factor of 384637 and 4356.
11
What is the greatest common factor of 58953698 and 141?
47
Calculate the highest common divisor of 7174252 and 12006.
1334
What is the highest common divisor of 479196154 and 13592?
3398
What is the highest common divisor of 204298533 and 63?
9
Calculate the highest common divisor of 11120 and 269220.
20
Calculate the highest common divisor of 48308 and 24094544.
3716
What is the highest common divisor of 432226 and 79?
1
Calculate the highest common divisor of 2674 and 1521124.
382
Calculate the greatest common factor of 27901158 and 912.
114
What is the highest common divisor of 1078 and 47549159?
49
Calculate the greatest common factor of 7857 and 11063.
1
Calculate the greatest common divisor of 30540202 and 506.
22
What is the greatest common divisor of 28800394 and 2198?
2198
Calculate the highest common factor of 462133 and 252.
7
Calculate the highest common factor of 1071 and 9058365.
153
What is the greatest common divisor of 3523039 and 351?
13
Calculate the highest common divisor of 1471900 and 14800.
100
Calculate the highest common factor of 16295 and 1057418399.
3259
What is the highest common factor of 5210 and 203941282?
1042
What is the highest common divisor of 2184 and 43948128?
168
What is the greatest common factor of 10028 and 5553005?
2507
What is the highest common factor of 66090 and 498705?
15
What is the highest common divisor of 8124048 and 720?
144
Calculate the highest common factor of 318318 and 205062.
858
Calculate the highest common factor of 1513 and 458702262.
1513
Calculate the greatest common divisor of 3535 and 3618023010.
3535
Calculate the highest common factor of 3118 and 182703887.
1559
Calculate the highest common factor of 5240 and 360787624.
1048
Calculate the greatest common factor of 36816 and 2140107.
177
Calculate the highest common divisor of 548 and 2341516.
4
What is the greatest common factor of 35520 and 174912?
192
Calculate the greatest common divisor of 210140553 and 238.
119
Calculate the greatest common divisor of 108 and 557